{"id":126,"date":"2019-08-20T15:52:19","date_gmt":"2019-08-20T15:52:19","guid":{"rendered":"https:\/\/www.idioma.nl\/home\/?page_id=126"},"modified":"2019-11-28T23:35:56","modified_gmt":"2019-11-28T23:35:56","slug":"servicios-de-traduccion","status":"publish","type":"page","link":"https:\/\/www.idioma.nl\/home\/es\/servicios-de-traduccion\/","title":{"rendered":"Servicios de traducci\u00f3n"},"content":{"rendered":"\n<p>&#8211; Traducciones de neerland\u00e9s a espa\u00f1ol y viceversa<\/p>\n\n\n\n<p>&#8211; Revisi\u00f3n y correcci\u00f3n de textos<\/p>\n\n\n\n<p>&#8211; Traducciones juradas<\/p>\n\n\n\n<p>&#8211; Acompa\u00f1amiento de socios o clientes de habla hispana y puesta en contacto con empresas de los Pa\u00edses Bajos que hacen negocios con empresas de Espa\u00f1a o Latinoam\u00e9rica y viceversa; servicios de interpretaci\u00f3n durante la visita, presentaci\u00f3n o reuniones de su empresa, en especial empresas de importaci\u00f3n y exportaci\u00f3n del sector hortofrut\u00edcola; resoluci\u00f3n de problemas que pudieran surgir por malentendidos a causa del desconocimiento del idioma, etc.<\/p>\n\n\n\n<p>En nuestros servicios se aplicar\u00e1n las condiciones generales de la asociaci\u00f3n holandesa de traductores e int\u00e9rpretes NGTV, de la cual somos miembros.<\/p>\n\n\n\n<p>Todas nuestras traducciones se realizan por nativos y son revisadas por un colega, como es habitual en nuestra profesi\u00f3n, de esta manera podemos garantizar que nuestras traducciones son profesionales y de calidad.<\/p>\n\n\n\n<p>Las traducciones juradas de documentos oficiales que realizamos cumplen los requisitos de calidad establecidos y tienen reconocimiento internacional.<\/p>\n\n\n\n<p>Si desea recibir informaci\u00f3n detallada acerca de nuestro m\u00e9todo de trabajo, precios o fecha de entrega, p\u00f3ngase en contacto con nosotros.<\/p>\n\n\n<div id=\"themify_builder_content-126\" data-postid=\"126\" class=\"themify_builder_content themify_builder_content-126 themify_builder\">\n\n    \n\t\t<!-- module_row -->\n\t\t<div  class=\"themify_builder_row module_row clearfix module_row_0 themify_builder_126_row module_row_126-0\" data-id=\"cc25eff\">\n\t\t\t\t\t\t<div class=\"row_inner col_align_top\" >\n                                    <div  class=\"module_column tb-column col-full first tb_126_column module_column_0 module_column_126-0-0\" data-id=\"e4f658b\" >\n                                                                <div class=\"tb-column-inner\">\n                            \n\n    <!-- module image -->\n    <div  id=\"image-126-0-0-0\" class=\"module module-image image-126-0-0-0  image-top   auto_fullwidth\" data-id=\"65d8ea9\">\n        <!--insert-->\n        \n        <div class=\"image-wrap\">\n                            <img decoding=\"async\" loading=\"lazy\" src=\"https:\/\/www.idioma.nl\/wp-content\/uploads\/2019\/11\/rotterdam-idioma-formaat-websit-1200x400.jpg\" width=\"1200\" height=\"400\" class=\" wp-post-image wp-image-202\" alt=\"rotterdam idioma formaat websit\" \/>            \n                        <\/div>\n            <!-- \/image-wrap -->\n        \n        \n            <\/div>\n    <!-- \/module image -->\n\n                        <\/div>\n                    \t\t<\/div>\n\t\t                                <\/div>\n                                <!-- \/row_inner -->\n                        <\/div>\n                        <!-- \/module_row -->\n\t\t<\/div>\n","protected":false},"excerpt":{"rendered":"<p>&#8211; Traducciones de neerland\u00e9s a espa\u00f1ol y viceversa &#8211; Revisi\u00f3n y correcci\u00f3n de textos &#8211; Traducciones juradas &#8211; Acompa\u00f1amiento de socios o clientes de habla hispana y puesta en contacto con empresas de los Pa\u00edses Bajos que hacen negocios con empresas de Espa\u00f1a o Latinoam\u00e9rica y viceversa; servicios de interpretaci\u00f3n durante la visita, presentaci\u00f3n o [&hellip;]<\/p>\n","protected":false},"author":1,"featured_media":0,"parent":0,"menu_order":0,"comment_status":"closed","ping_status":"closed","template":"","meta":{"_seopress_robots_primary_cat":"","_seopress_titles_title":"","_seopress_titles_desc":"","_seopress_robots_index":"","footnotes":""},"builder_content":"<img decoding=\"async\" loading=\"lazy\" src=\"https:\/\/www.idioma.nl\/wp-content\/uploads\/2019\/11\/rotterdam-idioma-formaat-websit-1200x400.jpg\" width=\"1200\" height=\"400\" alt=\"rotterdam idioma formaat websit\" \/>","_links":{"self":[{"href":"https:\/\/www.idioma.nl\/home\/wp-json\/wp\/v2\/pages\/126"}],"collection":[{"href":"https:\/\/www.idioma.nl\/home\/wp-json\/wp\/v2\/pages"}],"about":[{"href":"https:\/\/www.idioma.nl\/home\/wp-json\/wp\/v2\/types\/page"}],"author":[{"embeddable":true,"href":"https:\/\/www.idioma.nl\/home\/wp-json\/wp\/v2\/users\/1"}],"replies":[{"embeddable":true,"href":"https:\/\/www.idioma.nl\/home\/wp-json\/wp\/v2\/comments?post=126"}],"version-history":[{"count":4,"href":"https:\/\/www.idioma.nl\/home\/wp-json\/wp\/v2\/pages\/126\/revisions"}],"predecessor-version":[{"id":207,"href":"https:\/\/www.idioma.nl\/home\/wp-json\/wp\/v2\/pages\/126\/revisions\/207"}],"wp:attachment":[{"href":"https:\/\/www.idioma.nl\/home\/wp-json\/wp\/v2\/media?parent=126"}],"curies":[{"name":"wp","href":"https:\/\/api.w.org\/{rel}","templated":true}]}}